{"id":175,"date":"2019-07-01T14:36:17","date_gmt":"2019-07-01T12:36:17","guid":{"rendered":"https:\/\/spathailuxe.com\/versailles\/?post_type=product&#038;p=175"},"modified":"2021-05-25T19:15:32","modified_gmt":"2021-05-25T17:15:32","slug":"massage-a-la-bougie-duo-1h30","status":"publish","type":"product","link":"https:\/\/spathailuxe.com\/versailles\/product\/massage-a-la-bougie-duo-1h30\/","title":{"rendered":"Massage \u00e0 la bougie &#8211; DUO 1H30"},"content":{"rendered":"<p>Technique ancestrale tha\u00eflandaise, le massage Tha\u00ef \u00e0 la bougie combine l\u2019effet d\u00e9contractant de la chaleur de la cire aux vertus d\u2019un massage tha\u00eflandais. Cela vous procurera un moment inoubliable de d\u00e9tente et de s\u00e9r\u00e9nit\u00e9 gr\u00e2ce \u00e0 la cire de bougie dont la chaleur de l\u2019huile rend le massage tellement plus intense et agr\u00e9able<\/p>\n<p>La fonte de la bougie (sp\u00e9cialement con\u00e7ue pour le massage) transforme celle ci en huile de massage douce et hydratante tout en \u00e9mettant un parfum agr\u00e9able \u00e9manant de la cire ti\u00e8de et parfum\u00e9e.<\/p>\n<p>En r\u00e9tablissant l\u2019\u00e9quilibre \u00e9nerg\u00e9tique du corps, ce massage est sp\u00e9cialement vivifiant et revitalisant et d\u00e9nouera les tensions musculaires, le stress et la nervosit\u00e9 accumul\u00e9s et vous apportera un profond sentiment de relaxation et de mieux \u00eatre du corps et de l\u2019esprit.<\/p>\n","protected":false},"excerpt":{"rendered":"<p>OFFRE SPECIALE<\/p>\n<p>269\u20ac AU LIEU DE 419\u20ac<\/p>\n","protected":false},"featured_media":115,"template":"","meta":{"_mi_skip_tracking":false},"product_cat":[23],"product_tag":[],"class_list":["post-175","product","type-product","status-publish","has-post-thumbnail","hentry","product_cat-duo"],"_links":{"self":[{"href":"https:\/\/spathailuxe.com\/versailles\/wp-json\/wp\/v2\/product\/175","targetHints":{"allow":["GET"]}}],"collection":[{"href":"https:\/\/spathailuxe.com\/versailles\/wp-json\/wp\/v2\/product"}],"about":[{"href":"https:\/\/spathailuxe.com\/versailles\/wp-json\/wp\/v2\/types\/product"}],"wp:featuredmedia":[{"embeddable":true,"href":"https:\/\/spathailuxe.com\/versailles\/wp-json\/wp\/v2\/media\/115"}],"wp:attachment":[{"href":"https:\/\/spathailuxe.com\/versailles\/wp-json\/wp\/v2\/media?parent=175"}],"wp:term":[{"taxonomy":"product_cat","embeddable":true,"href":"https:\/\/spathailuxe.com\/versailles\/wp-json\/wp\/v2\/product_cat?post=175"},{"taxonomy":"product_tag","embeddable":true,"href":"https:\/\/spathailuxe.com\/versailles\/wp-json\/wp\/v2\/product_tag?post=175"}],"curies":[{"name":"wp","href":"https:\/\/api.w.org\/{rel}","templated":true}]}}