{"id":171,"date":"2019-07-01T14:36:16","date_gmt":"2019-07-01T12:36:16","guid":{"rendered":"https:\/\/spathailuxe.com\/versailles\/?post_type=product&#038;p=171"},"modified":"2020-08-13T18:51:28","modified_gmt":"2020-08-13T16:51:28","slug":"massage-a-4-mains-duo-1h00","status":"publish","type":"product","link":"https:\/\/spathailuxe.com\/versailles\/product\/massage-a-4-mains-duo-1h00\/","title":{"rendered":"Massage \u00e0 4 mains &#8211; DUO 1H00"},"content":{"rendered":"<p>Le massage \u00e0 quatre mains est une chor\u00e9graphie de man\u0153uvres fluides, douces et pr\u00e9cises, r\u00e9alis\u00e9es en rythme et de fa\u00e7on cordonn\u00e9e pour vous offrir un moment de relaxation \u00e0 l\u2019\u00e9tat pur.<\/p>\n","protected":false},"excerpt":{"rendered":"<p>Le massage \u00e0 quatre mains est une chor\u00e9graphie de man\u0153uvres fluides, douces et pr\u00e9cises, r\u00e9alis\u00e9es en rythme et de fa\u00e7on cordonn\u00e9e pour vous offrir un moment de relaxation \u00e0 l\u2019\u00e9tat pur.<\/p>\n","protected":false},"featured_media":115,"template":"","meta":{"_mi_skip_tracking":false},"product_cat":[23],"product_tag":[],"class_list":["post-171","product","type-product","status-publish","has-post-thumbnail","hentry","product_cat-duo"],"_links":{"self":[{"href":"https:\/\/spathailuxe.com\/versailles\/wp-json\/wp\/v2\/product\/171","targetHints":{"allow":["GET"]}}],"collection":[{"href":"https:\/\/spathailuxe.com\/versailles\/wp-json\/wp\/v2\/product"}],"about":[{"href":"https:\/\/spathailuxe.com\/versailles\/wp-json\/wp\/v2\/types\/product"}],"wp:featuredmedia":[{"embeddable":true,"href":"https:\/\/spathailuxe.com\/versailles\/wp-json\/wp\/v2\/media\/115"}],"wp:attachment":[{"href":"https:\/\/spathailuxe.com\/versailles\/wp-json\/wp\/v2\/media?parent=171"}],"wp:term":[{"taxonomy":"product_cat","embeddable":true,"href":"https:\/\/spathailuxe.com\/versailles\/wp-json\/wp\/v2\/product_cat?post=171"},{"taxonomy":"product_tag","embeddable":true,"href":"https:\/\/spathailuxe.com\/versailles\/wp-json\/wp\/v2\/product_tag?post=171"}],"curies":[{"name":"wp","href":"https:\/\/api.w.org\/{rel}","templated":true}]}}