{"id":169,"date":"2019-07-01T14:36:16","date_gmt":"2019-07-01T12:36:16","guid":{"rendered":"https:\/\/spathailuxe.com\/versailles\/?post_type=product&#038;p=169"},"modified":"2021-05-25T19:33:56","modified_gmt":"2021-05-25T17:33:56","slug":"massage-huiles-chaudes-aux-plantes-solo-1h30","status":"publish","type":"product","link":"https:\/\/spathailuxe.com\/versailles\/product\/massage-huiles-chaudes-aux-plantes-solo-1h30\/","title":{"rendered":"Massage Huiles Chaudes aux Plantes &#8211; SOLO 1H30"},"content":{"rendered":"<p>Apr\u00e8s une s\u00e9ance de massage Tha\u00ef traditionnel, un m\u00e9lange de plantes aromatiques et d\u2019huiles essentielles est appliqu\u00e9 en pressions l\u00e9g\u00e8res sur vos muscles et vos zones de tension. Broy\u00e9es et plac\u00e9es dans une aum\u00f4ni\u00e8re de coton, les plantes lib\u00e8rent leurs principes actifs gr\u00e2ce \u00e0 de la vapeur d\u2019eau. Leur parfum d\u00e9licat, exalt\u00e9 par la chaleur, renforce votre sensation de d\u00e9tente. V\u00e9ritable soin anti-stress, cette m\u00e9thode prolonge les bienfaits du massage, apaise les douleurs musculaires et favorise la circulation sanguine. Par mesure d\u00b9hygi\u00e8ne, nous vous fournissons des sous-v\u00eatements et pantoufles \u00e0 usage unique.<\/p>\n","protected":false},"excerpt":{"rendered":"<p>OFFRE SPECIALE<\/p>\n<p>149\u20ac AU LIEU DE 199\u20ac<\/p>\n","protected":false},"featured_media":115,"template":"","meta":{"_mi_skip_tracking":false},"product_cat":[22],"product_tag":[],"class_list":["post-169","product","type-product","status-publish","has-post-thumbnail","hentry","product_cat-solo"],"_links":{"self":[{"href":"https:\/\/spathailuxe.com\/versailles\/wp-json\/wp\/v2\/product\/169","targetHints":{"allow":["GET"]}}],"collection":[{"href":"https:\/\/spathailuxe.com\/versailles\/wp-json\/wp\/v2\/product"}],"about":[{"href":"https:\/\/spathailuxe.com\/versailles\/wp-json\/wp\/v2\/types\/product"}],"wp:featuredmedia":[{"embeddable":true,"href":"https:\/\/spathailuxe.com\/versailles\/wp-json\/wp\/v2\/media\/115"}],"wp:attachment":[{"href":"https:\/\/spathailuxe.com\/versailles\/wp-json\/wp\/v2\/media?parent=169"}],"wp:term":[{"taxonomy":"product_cat","embeddable":true,"href":"https:\/\/spathailuxe.com\/versailles\/wp-json\/wp\/v2\/product_cat?post=169"},{"taxonomy":"product_tag","embeddable":true,"href":"https:\/\/spathailuxe.com\/versailles\/wp-json\/wp\/v2\/product_tag?post=169"}],"curies":[{"name":"wp","href":"https:\/\/api.w.org\/{rel}","templated":true}]}}