{"id":550,"date":"2019-03-13T14:30:16","date_gmt":"2019-03-13T13:30:16","guid":{"rendered":"https:\/\/spathailuxe.com\/marais\/?post_type=product&#038;p=550"},"modified":"2023-11-03T14:59:17","modified_gmt":"2023-11-03T13:59:17","slug":"stardust-crusaders-solo-4h00-reflexologie-plantaire-30min-massage-thai-tradi-1h00-hammam-30min-gommage-30min-massage-huiles-chaudes-1h00-reflexologie-cranienne-30min-copie","status":"publish","type":"product","link":"https:\/\/spathailuxe.com\/marais\/product\/stardust-crusaders-solo-4h00-reflexologie-plantaire-30min-massage-thai-tradi-1h00-hammam-30min-gommage-30min-massage-huiles-chaudes-1h00-reflexologie-cranienne-30min-copie\/","title":{"rendered":"Stardust Crusaders &#8211; DUO 4H00 : R\u00e9flexologie plantaire 30min + Massage Tha\u00ef Tradi 1H00 + Hammam 30min + Gommage 30min + Massage Huiles Chaudes 1H00 + R\u00e9flexologie cr\u00e2nienne 30min"},"content":{"rendered":"","protected":false},"excerpt":{"rendered":"<p><span style=\"color: #ff9900;\"><strong>OFFRE SPECIALE<\/strong><\/span><\/p>\n<p><strong><span style=\"color: #ff9900;\">619\u20ac<\/span> <em>AU LIEU DE 759\u20ac<\/em><\/strong><\/p>\n","protected":false},"featured_media":440,"template":"","meta":{"_exactmetrics_skip_tracking":false,"_exactmetrics_sitenote_active":false,"_exactmetrics_sitenote_note":"","_exactmetrics_sitenote_category":0},"product_cat":[41],"product_tag":[],"_links":{"self":[{"href":"https:\/\/spathailuxe.com\/marais\/wp-json\/wp\/v2\/product\/550"}],"collection":[{"href":"https:\/\/spathailuxe.com\/marais\/wp-json\/wp\/v2\/product"}],"about":[{"href":"https:\/\/spathailuxe.com\/marais\/wp-json\/wp\/v2\/types\/product"}],"wp:featuredmedia":[{"embeddable":true,"href":"https:\/\/spathailuxe.com\/marais\/wp-json\/wp\/v2\/media\/440"}],"wp:attachment":[{"href":"https:\/\/spathailuxe.com\/marais\/wp-json\/wp\/v2\/media?parent=550"}],"wp:term":[{"taxonomy":"product_cat","embeddable":true,"href":"https:\/\/spathailuxe.com\/marais\/wp-json\/wp\/v2\/product_cat?post=550"},{"taxonomy":"product_tag","embeddable":true,"href":"https:\/\/spathailuxe.com\/marais\/wp-json\/wp\/v2\/product_tag?post=550"}],"curies":[{"name":"wp","href":"https:\/\/api.w.org\/{rel}","templated":true}]}}