{"id":275,"date":"2019-02-20T18:43:51","date_gmt":"2019-02-20T17:43:51","guid":{"rendered":"https:\/\/spathailuxe.com\/marais\/?post_type=product&#038;p=275"},"modified":"2021-01-19T14:47:56","modified_gmt":"2021-01-19T13:47:56","slug":"reflexologie-cranienne-solo-1h00","status":"publish","type":"product","link":"https:\/\/spathailuxe.com\/marais\/product\/reflexologie-cranienne-solo-1h00\/","title":{"rendered":"R\u00e9flexologie cr\u00e2nienne &#8211; SOLO 1H00"},"content":{"rendered":"<p>La <strong>r\u00e9flexologie cr\u00e2nienne<\/strong> r\u00e9pond aux personnes qui souhaitent allier relaxation et \u00e9quilibre entre le corps et l\u2019esprit.<br \/>Gr\u00e2ce \u00e0 une m\u00e9thode s\u00e9culaire de relaxation, la r\u00e9flexologie cr\u00e2nienne allie massages physiologiques et harmonie d\u2019\u00e9nergie int\u00e9rieure en exer\u00e7ant des pressions et des frictions du haut du cr\u00e2ne jusqu\u2019aux \u00e9paules.<\/p>\n","protected":false},"excerpt":{"rendered":"<p><span style=\"color: #ff9900;\"><strong>OFFRE SPECIALE<\/strong><\/span><\/p>\n<p><strong><span style=\"color: #ff9900;\">89\u20ac<\/span> <em>AU LIEU DE 139\u20ac<\/em><\/strong><\/p>\n","protected":false},"featured_media":440,"template":"","meta":{"_exactmetrics_skip_tracking":false,"_exactmetrics_sitenote_active":false,"_exactmetrics_sitenote_note":"","_exactmetrics_sitenote_category":0},"product_cat":[15],"product_tag":[],"_links":{"self":[{"href":"https:\/\/spathailuxe.com\/marais\/wp-json\/wp\/v2\/product\/275"}],"collection":[{"href":"https:\/\/spathailuxe.com\/marais\/wp-json\/wp\/v2\/product"}],"about":[{"href":"https:\/\/spathailuxe.com\/marais\/wp-json\/wp\/v2\/types\/product"}],"wp:featuredmedia":[{"embeddable":true,"href":"https:\/\/spathailuxe.com\/marais\/wp-json\/wp\/v2\/media\/440"}],"wp:attachment":[{"href":"https:\/\/spathailuxe.com\/marais\/wp-json\/wp\/v2\/media?parent=275"}],"wp:term":[{"taxonomy":"product_cat","embeddable":true,"href":"https:\/\/spathailuxe.com\/marais\/wp-json\/wp\/v2\/product_cat?post=275"},{"taxonomy":"product_tag","embeddable":true,"href":"https:\/\/spathailuxe.com\/marais\/wp-json\/wp\/v2\/product_tag?post=275"}],"curies":[{"name":"wp","href":"https:\/\/api.w.org\/{rel}","templated":true}]}}