{"id":234,"date":"2019-02-20T18:43:34","date_gmt":"2019-02-20T17:43:34","guid":{"rendered":"https:\/\/spathailuxe.com\/marais\/?post_type=product&#038;p=234"},"modified":"2023-11-03T15:57:02","modified_gmt":"2023-11-03T14:57:02","slug":"massage-aux-pierres-chaudes-duo-1h30","status":"publish","type":"product","link":"https:\/\/spathailuxe.com\/marais\/product\/massage-aux-pierres-chaudes-duo-1h30\/","title":{"rendered":"Massage aux Pierres Chaudes &#8211; DUO 1H30"},"content":{"rendered":"<p>Si le massage aux pierres chaudes est aujourd&#8217;hui l&#8217;un des plus pris\u00e9s, c&#8217;est parce qu&#8217;il procure de nombreux bienfaits \u00e0 notre organisme et offre un v\u00e9ritable moment de d\u00e9tente et de relaxation.<\/p>\n<p>Un retour aux sources : le massage aux pierres chaudes est bas\u00e9 sur le contact entre la pierre et la peau. Cette sensation induit une sensation de retour aux sources et aux \u00e9l\u00e9ments. Associ\u00e9 aux gestes du praticien, le contact extraordinairement doux et naturel des pierres chauff\u00e9es favorise la d\u00e9tente et cette inpression unique d&#8217;\u00eatre enti\u00e8rement &#8220;cocoon\u00e9&#8221;.<\/p>\n<p>D&#8217;origine hawa\u00efenne (mais que l&#8217;on retrouve \u00e9galement dans d&#8217;autres traditions d&#8217;Inde, d&#8217;Egypte&#8230;), le massage aux pierres chaudes a \u00e9t\u00e9 longtemps utilis\u00e9 par les gu\u00e9risseurs traditionnels autochtones. Sa vulgarisation apr\u00e8s la connaissance de l&#8217;anatomie et les fonctions nerveuses lui permet d&#8217;offrir de nombreux bienfaits.<\/p>\n<p>Le bien-\u00eatre aux pierres chaudes a \u00e9volu\u00e9 : \u00e0 l&#8217;origine, des pierres des lits de fleuve \u00e9taient chauff\u00e9es au soleil, au charbon ou dans l&#8217;eau chaude. On les \u00e9tendait directement sur le corps ou \u00e0 travers un tissu. On les employait aussi pour masser avec.<\/p>\n<p>Cette tradition continue aujourd&#8217;hui alors que la connaissance des pierres antiques est red\u00e9couverte et de plus en plus employ\u00e9e. Les gens r\u00e9alisent de nouveau les avantages de ce soin sp\u00e9ciale et unique.<br \/>\nLa particularit\u00e9 de cette pratique repose sur l&#8217;utilisation de pierres comme produits de massage. Apr\u00e8s avoir \u00e9t\u00e9 r\u00e9chauff\u00e9es \u00e0 une temp\u00e9rature bien d\u00e9termin\u00e9e, celles-ci se montrent capables de garder cette chaleur pendant une certaine dur\u00e9e.<\/p>\n<p>Le massage aux pierres chaudes stimule le corps en r\u00e9chauffant les muscles. Sous l&#8217;effet de la chaleur, les vaisseaux se dilatent favorisant ainsi la circulation sanguine et lymphatique. Sa dur\u00e9e appara\u00eet un peu plus longue par rapport aux autres types de massage puisque la pause des pierres chaudes sur certains points s&#8217;av\u00e8re d\u00e9licate.<\/p>\n<p>Le massage aux Pierres Chaudes combine ainsi de nombreux bienfaits, dont les 3 principaux sont : RELAXANT, DRAINANT et DETOXIFIANT. En effet, il permet de :<\/p>\n<p>Favoriser le rejet de l&#8217;acide lactique.<br \/>\nOptimiser le drainage lymphatique.<br \/>\nEliminer la cellulite en d\u00e9truisant les amas de graisse.<br \/>\nD\u00e9localiser et \u00e9liminer les toxines.<br \/>\nR\u00e9tablir et renforcer le syst\u00e8me immunitaire.<br \/>\nD\u00e9tendre l&#8217;organisme.<br \/>\nChasser le stress et les tensions.<br \/>\nFavoriser l&#8217;\u00e9veil psycho corporel.<br \/>\nRel\u00e2cher les n\u0153uds musculaires et soulager les douleurs.<br \/>\nR\u00e9guler la circulation du sang et des flux \u00e9nerg\u00e9tiques.<\/p>\n<p>Le massage aux pierres chaudes a ses limites, il est notamment contre indiqu\u00e9 :<\/p>\n<p>En cas de varices.<br \/>\nPour les patients souffrants de maladies cardiaques.<br \/>\nPour les personnes ayant des troubles cardio-vasculaires avanc\u00e9s.<br \/>\nPour ceux qui ont un probl\u00e8me au niveau du syst\u00e8me immunitaire.<br \/>\nEn cas de troubles respiratoires.<br \/>\nPour les diab\u00e9tiques.<br \/>\nSi le mass\u00e9 pr\u00e9sente des infections cutan\u00e9es.<\/p>\n","protected":false},"excerpt":{"rendered":"<p><span style=\"color: #ff9900;\"><strong>OFFRE SPECIALE<\/strong><\/span><\/p>\n<p><strong><span style=\"color: #ff9900;\">319\u20ac<\/span> <em>AU LIEU DE 409\u20ac<\/em><\/strong><\/p>\n","protected":false},"featured_media":440,"template":"","meta":{"_exactmetrics_skip_tracking":false,"_exactmetrics_sitenote_active":false,"_exactmetrics_sitenote_note":"","_exactmetrics_sitenote_category":0},"product_cat":[41],"product_tag":[],"_links":{"self":[{"href":"https:\/\/spathailuxe.com\/marais\/wp-json\/wp\/v2\/product\/234"}],"collection":[{"href":"https:\/\/spathailuxe.com\/marais\/wp-json\/wp\/v2\/product"}],"about":[{"href":"https:\/\/spathailuxe.com\/marais\/wp-json\/wp\/v2\/types\/product"}],"wp:featuredmedia":[{"embeddable":true,"href":"https:\/\/spathailuxe.com\/marais\/wp-json\/wp\/v2\/media\/440"}],"wp:attachment":[{"href":"https:\/\/spathailuxe.com\/marais\/wp-json\/wp\/v2\/media?parent=234"}],"wp:term":[{"taxonomy":"product_cat","embeddable":true,"href":"https:\/\/spathailuxe.com\/marais\/wp-json\/wp\/v2\/product_cat?post=234"},{"taxonomy":"product_tag","embeddable":true,"href":"https:\/\/spathailuxe.com\/marais\/wp-json\/wp\/v2\/product_tag?post=234"}],"curies":[{"name":"wp","href":"https:\/\/api.w.org\/{rel}","templated":true}]}}