{"id":593,"date":"2019-02-26T10:29:24","date_gmt":"2019-02-26T09:29:24","guid":{"rendered":"https:\/\/spathailuxe.com\/doree\/?post_type=product&#038;p=593"},"modified":"2021-01-14T12:56:05","modified_gmt":"2021-01-14T11:56:05","slug":"carte-cadeau-copie-31","status":"publish","type":"product","link":"https:\/\/spathailuxe.com\/doree\/product\/carte-cadeau-copie-31\/","title":{"rendered":"Massage \u00e0 4 mains &#8211; SOLO 1H00 &#8211; CADEAU"},"content":{"rendered":"<p>Le massage \u00e0 quatre mains est une chor\u00e9graphie de man\u0153uvres fluides, douces et pr\u00e9cises, r\u00e9alis\u00e9es en rythme et de fa\u00e7on cordonn\u00e9e pour vous offrir un moment de relaxation \u00e0 l&#8217;\u00e9tat pur.<\/p>\n","protected":false},"excerpt":{"rendered":"<p>OFFRE SP\u00c9CIALE<\/p>\n<p>169\u20ac AU LIEU DE 249\u20ac<\/p>\n","protected":false},"featured_media":696,"template":"","meta":[],"product_cat":[53],"product_tag":[],"_links":{"self":[{"href":"https:\/\/spathailuxe.com\/doree\/wp-json\/wp\/v2\/product\/593"}],"collection":[{"href":"https:\/\/spathailuxe.com\/doree\/wp-json\/wp\/v2\/product"}],"about":[{"href":"https:\/\/spathailuxe.com\/doree\/wp-json\/wp\/v2\/types\/product"}],"wp:featuredmedia":[{"embeddable":true,"href":"https:\/\/spathailuxe.com\/doree\/wp-json\/wp\/v2\/media\/696"}],"wp:attachment":[{"href":"https:\/\/spathailuxe.com\/doree\/wp-json\/wp\/v2\/media?parent=593"}],"wp:term":[{"taxonomy":"product_cat","embeddable":true,"href":"https:\/\/spathailuxe.com\/doree\/wp-json\/wp\/v2\/product_cat?post=593"},{"taxonomy":"product_tag","embeddable":true,"href":"https:\/\/spathailuxe.com\/doree\/wp-json\/wp\/v2\/product_tag?post=593"}],"curies":[{"name":"wp","href":"https:\/\/api.w.org\/{rel}","templated":true}]}}